Let w be 36/a*(-6 - 4). Suppose -2*f + 29 = -7. What is the greatest common divisor of w and f?
18
Let x = -241 - -531. Calculate the greatest common factor of 10 and x.
10
Let q be (150/(-400))/((-2)/16). What is the greatest common divisor of 37 and q?
1
Let q be (-1 + 3)*(-65)/10. Let f = q + 33. Let b = 45 - f. Calculate the highest common divisor of b and 100.
25
Let a(x) = -5 + 4 + 5*x**2 + 4 - 2*x**2. Let k be a(-4). Calculate the highest common factor of k and 17.
17
Let b(h) = h**3 + 4*h**2 + 2*h - 2. Let a be b(-2). Let v = 1 + a. Let l(y) = y**2 - 55*y + 33. Let g be l(55). What is the highest common divisor of v and g?
3
Let h(n) = -6*n**3 - 3*n**2 - 2*n. Let a be h(-2). Let l be (12/10*-81)/((-16)/a). What is the greatest common divisor of 27 and l?
27
Let f be -2 + 3 + -2 - (-50 + -11). Let i be f*6/(-28)*-21. What is the greatest common factor of 27 and i?
27
Let m(v) = 11*v**2 - 2*v + 8. Let p be m(2). Calculate the highest common factor of 32 and p.
16
Suppose 36 = 85*k - 82*k. What is the highest common factor of k and 852?
12
Let a = 248 - 112. Calculate the highest common factor of 119 and a.
17
Let u be (10/(-6))/(4/(-24)). Let d = u - 0. Let m be (d*4)/(-1 - -3). Calculate the highest common factor of m and 50.
10
Let m be 22250/14 + (-200)/(-280). What is the highest common factor of m and 53?
53
Suppose 9*g - 5*g - t - 264 = 0, 0 = -5*g - t + 330. What is the highest common factor of 858 and g?
66
Let x = -143 + 247. Let r = -16 + x. What is the highest common divisor of 22 and r?
22
Let i be (-66)/(-15) - 2/5. Suppose 0*w = i*w - 56. Suppose 5*j + 12 = 222. Calculate the highest common divisor of j and w.
14
Suppose -2*b = 2*m - 530, 4*m - 1055 = -4*b - m. What is the greatest common factor of b and 120?
30
Let w = -575 - -998. What is the highest common factor of 47 and w?
47
Let t = 51 - 41. Suppose 5*o = -t - 10, o = -4*z + 156. What is the greatest common divisor of 60 and z?
20
Let i = 17 - 12. Suppose -i*p = -4*p + 21. Let w = -6 - p. What is the highest common factor of w and 15?
15
Suppose -10*t + 2*t + 480 = 0. Suppose -14 - 46 = -5*m. What is the highest common factor of m and t?
12
Let u(k) = 0*k**2 - 5*k + 3*k + k**2 - 2. Let v = -28 + 32. Let h be u(v). Calculate the greatest common factor of 24 and h.
6
Let y = -785 - -3018. What is the greatest common divisor of y and 77?
77
Let m(w) = w**3 + 6*w**2 - 3. Let h be m(-5). Suppose 38 = 13*o - 105. Calculate the greatest common factor of o and h.
11
Let b(o) = 10*o - 68. Let h be b(7). Let s be -2*(-2)/4*0. Suppose s = h*v + v - 627. Calculate the highest common divisor of 19 and v.
19
Suppose -i = 3*g - 0*i - 248, 4*g = i + 340. What is the highest common divisor of g and 60?
12
Let w(x) = x**2 + 7*x + 9. Let n be w(-6). Suppose n*y - 35 = -2*y. Calculate the greatest common factor of 14 and y.
7
Suppose -2*l + 149 = -77. Let g = -57 + l. Calculate the highest common divisor of 14 and g.
14
Suppose 4*d - 5*d + 8 = 0. Let f be 22528/36 + d/36. Suppose -3*g + 0*g + 458 = -2*a, 0 = 4*g + 5*a - f. What is the highest common factor of 14 and g?
14
Let y be (4 - 3)/(1/4). Let f = 10 + y. Let x = -1 + 113. Calculate the greatest common divisor of f and x.
14
Suppose 0 = 4*l - 3*i + 138, 6*l - 5*l - 4*i = -41. Let q = l - -49. Calculate the highest common divisor of q and 40.
8
Let p be 120/4*(-108)/(-30). Let y = 20 - 8. Calculate the highest common factor of p and y.
12
Let w = 157 - 147. What is the highest common divisor of w and 730?
10
Let o = -160 - -162. Suppose -70 = o*l - 86. Calculate the highest common divisor of 88 and l.
8
Let r = 98 - 94. Suppose -5*f - 2*d = -80, 0*d = 2*f - 3*d - 32. What is the highest common divisor of f and r?
4
Let z be (-9)/3 - -1 - -4. Suppose y - 8 + z = 0. Calculate the highest common divisor of y and 30.
6
Suppose 0 = -7*c + 5*c + 90. Let r(x) = x**2 - 4*x + 6. Let a = 22 + -16. Let b be r(a). What is the highest common divisor of c and b?
9
Suppose 4*g + 4 = 0, 3*i - 2*g = -7*g + 31. Calculate the highest common factor of 1014 and i.
6
Suppose -j + 496 = 4*u - 1046, -2*j - 381 = -u. What is the greatest common divisor of u and 105?
35
Let m be (-6148)/(-174) + (-2)/(-3). What is the greatest common factor of m and 27?
9
Let m(i) be the first derivative of i**2/2 + 1. Let h be m(5). Suppose -h*o = -2*o + 4*l - 40, -5*o + 60 = 5*l. What is the highest common factor of o and 88?
8
Suppose y + 410 = 3*i, 21*y - 17*y - 672 = -5*i. Calculate the highest common factor of 17 and i.
17
Suppose 4*l + 2*j = 6*l - 224, 3*l = -2*j + 331. What is the highest common factor of l and 259?
37
Suppose -5*d + 2*q = -301, 0 = -27*d + 25*d - 4*q + 106. Calculate the highest common divisor of d and 118.
59
Suppose 0 = -3*l + h + 78, -2*h - 34 = -2*l + 14. What is the greatest common divisor of l and 324?
27
Let f = 765 + -661. Calculate the highest common divisor of f and 104.
104
Let d = -649 + 837. Calculate the greatest common factor of d and 470.
94
Let u = -22 + -114. Let y = -36 - u. What is the greatest common factor of y and 25?
25
Let c = 272 - 245. Calculate the highest common divisor of c and 153.
9
Suppose 3*f - 4*r - 124 = 0, -7*f - 3*r = -8*f + 33. What is the greatest common factor of f and 240?
48
Let q(l) = -34*l - 16. Let p be q(-2). What is the highest common factor of 91 and p?
13
Suppose 0 = 2*c + 3*j - 68 + 16, 0 = 4*c + 5*j - 108. Let h(p) = p + 2. Suppose 3*d + 10 = 28. Let u be h(d). Calculate the highest common divisor of c and u.
8
Let t(g) = 7*g + 4. Let b = 10 + -5. Let q be t(b). What is the greatest common factor of 26 and q?
13
Let h = -573 - -584. Calculate the greatest common factor of h and 352.
11
Let i = 126 + -34. Suppose 4*n - 400 = -i. Suppose -34 = -12*a + 50. Calculate the highest common divisor of a and n.
7
Suppose 3*p - 2*y + y + 1 = 0, 5*y = 5*p + 5. Suppose -4*w + 20 = 4. Suppose -g + 4*q = -134, -4*q - w + 24 = p. What is the highest common factor of g and 14?
14
Suppose -8*u = -u - 7. Let r be 0 - (-3 + 0) - 0. What is the greatest common divisor of u and r?
1
Let q = 486 + -343. What is the greatest common factor of q and 299?
13
Let i(m) = -2*m + 2. Let p be i(-2). Let g = 76 + p. Calculate the greatest common factor of 41 and g.
41
Suppose 0 = i - 5*m + 9, 4*m = -0*i + 5*i - 60. Let x = 18 - i. Suppose 160 = 2*j + x*j. Calculate the greatest common factor of 5 and j.
5
Suppose -2*l + 57 + 105 = 2*c, 3*l = -c + 249. Calculate the greatest common factor of 189 and l.
21
Let b(j) = j**3 + 13*j**2 + 9*j - 31. Let k be b(-12). Let f be 25*(k + -3)/(2/1). What is the highest common divisor of f and 25?
25
Suppose -5*g = -3*q + 67, 4*q - 2*g - 68 - 26 = 0. Let j be (q/(-5))/(5/25). Let d be (-627)/(-18) + (-4)/j. Calculate the highest common factor of 14 and d.
7
Let c(w) = w**3 - 2*w**2 + 4*w + 1. Let o be c(3). Suppose 26*q - 2574 = -13*q. Calculate the highest common factor of q and o.
22
Let h(l) = 18*l**2 + 5 + 9*l - 19*l**2 - 10*l + 2. Let c(r) = r + 9. Let u be c(-9). Let v be h(u). Calculate the greatest common factor of 21 and v.
7
Let n(z) be the first derivative of z**4/2 - 4*z**3/3 - 4*z**2 + 10*z - 13. Let l = -13 - -18. Let x be n(l). Calculate the greatest common factor of x and 24.
24
Suppose 3*r - 23 = 4*z, -z - 10 = -r - 2*z. Let c(k) = -k**3 + 8*k**2 + 12*k + 5. Let h be c(r). Calculate the greatest common divisor of 32 and h.
32
Let p(k) = 8*k + 48. Let i be p(12). What is the greatest common factor of i and 32?
16
Suppose 0*z = -2*z + 4*a + 36, 5*z - a - 63 = 0. Let m = 3655 - 3643. Calculate the highest common divisor of z and m.
12
Let c(s) = s**3 - 28*s**2 - 43*s + 409. Let t be c(29). Suppose -7 = -q + 14. Calculate the highest common factor of t and q.
3
Let i(f) = -8 + 3*f**2 - 2*f**2 - 1. Let k be i(4). What is the highest common divisor of 21 and k?
7
Let f(u) = -u**2 + 9*u - 6. Let p be f(6). Let v = -3527 + 3587. Calculate the greatest common divisor of v and p.
12
Suppose -h - 4*h = 0. Let s be 27/12 - 9/(-12). Suppose h = -s*v + 14 + 16. What is the highest common factor of v and 2?
2
Let a(m) = -m**3 - 5*m**2 + 3. Let r be a(-5). Suppose -k - 2*p = 8, r*k + 10 = k + 2*p. Let f = 2 - k. Calculate the greatest common divisor of 40 and f.
8
Suppose 4*c - 8*b + 12*b